prime factors of x.
2, 3
Suppose 0 = 8*l - 10*l + 654. Suppose 20 = 4*b - 3*t, 4*b = 7*b + 3*t + 6. Suppose -b*w + l = w. What are the prime factors of w?
109
Let w(d) = -4620*d + 172. List the prime factors of w(-1).
2, 599
Let h = -4503 + 2882. Let i = h + 2521. What are the prime factors of i?
2, 3, 5
Suppose 16 = 6*d - 8*d. What are the prime factors of ((-867)/(-6))/((-4)/d)?
17
Let j = 23931 - 11981. What are the prime factors of j?
2, 5, 239
Let s(p) = -9742*p**3 - 2*p**2 - 7*p - 5. What are the prime factors of s(-1)?
2, 4871
Suppose -2*b + 3*b = -5*u - 6, 3*b = 5*u + 22. Suppose 5*o = -0*k + b*k + 32, -2*k = -4. What are the prime factors of o?
2
Let l(u) = 1287*u + 3592. What are the prime factors of l(45)?
61507
Let k(u) = 54*u + 16. Let b be k(-1). What are the prime factors of 19/(b/(-3784)) - -2?
2, 947
Let a(x) = 6*x**3 - 36*x**2 - 67*x - 132. What are the prime factors of a(22)?
2, 11, 2039
Let n(g) = 10*g - 8. Suppose 2*c + 5*a + 12 = -0*c, -2*c = 4*a + 12. Let z be 2 + 5 - (8 + c). List the prime factors of n(z).
2, 3, 7
Let d(u) = 10*u - 130. Let b be d(12). What are the prime factors of 984/b*(150/20 - 10)?
2, 3, 41
Suppose w + 12*w - 123365 = 18283. List the prime factors of w.
2, 3, 227
What are the prime factors of (2*1410/(-105)*-14)/(2/13)?
2, 13, 47
Suppose 76 = -6*m + 7*m. List the prime factors of (m/(-10))/(2 + 42/(-20)).
2, 19
Let i(o) = 159*o**2 + 295*o - 2824. What are the prime factors of i(10)?
2, 3, 2671
Let f(z) = 60*z - 24. Let d be f(-2). List the prime factors of (5 + 910/(-15))/(6/d).
2, 167
Suppose 3 = -4*v + 15. Suppose -k + d - 5 = -v, -d = 2*k - 8. Suppose -22 = -2*y - k*x + 172, 0 = y - 5*x - 121. What are the prime factors of y?
101
Suppose 200 = -4*l + 32. Let w be ((-14)/l)/(1/78). Suppose w*m - 31*m + 115 = 0. What are the prime factors of m?
23
Suppose -10 = -3*i + 23. Suppose -21*a + 720 = -13*a. Suppose -14*x + a = -i*x. List the prime factors of x.
2, 3, 5
Let i = -182 + 561. Let g = i + -61. What are the prime factors of g?
2, 3, 53
Let x(r) = -r**3 + 9*r**2 - 18*r + 13. Let p be x(9). Let b = 423 + p. List the prime factors of b.
2, 137
Let x = 105955 + -39234. List the prime factors of x.
66721
List the prime factors of (4/66)/((-46)/(-12243291)) + (-4)/(-22).
3, 19, 283
Suppose 4*j = 3*i + 46313, 48*i + 23174 = 2*j + 50*i. What are the prime factors of j?
2, 5791
Suppose -2*m + 139792 = 2*o, 47*m + 209679 = 50*m + 4*o. What are the prime factors of m?
5, 11, 31, 41
Let c(r) = 407*r + 7699. List the prime factors of c(63).
2, 5, 1667
Let x(w) be the second derivative of w**5/20 - 7*w**4/12 + w**3/6 - 5*w**2/2 - 6*w. Suppose 14 = 2*g - 0. What are the prime factors of x(g)?
2
What are the prime factors of ((-272)/(-408))/(1/10479)?
2, 7, 499
Suppose -3*k - 39*i = -38*i - 61726, k + 5*i - 20566 = 0. List the prime factors of k.
2, 643
Suppose -b + 3*r = 9, r = 2*b - 0*r - 7. Let d = 332 - 335. List the prime factors of d/b*-94 - 2.
3, 5
Let p = -144 - -148. Let i(v) = 79*v - 58. List the prime factors of i(p).
2, 3, 43
What are the prime factors of (0 - 1)/(2 + 958*(-942)/451212)?
19, 1979
Suppose 19*n - 237683 = -54181. List the prime factors of n.
2, 11, 439
Let t(h) = 63*h + 1513. What are the prime factors of t(18)?
2647
Suppose 5*p = 2*k + 3*p + 12, 4*k - 3*p + 26 = 0. Let a be (9/24)/((-1)/k). List the prime factors of a/(-5) + (-456)/(-60).
7
Let i be (-12 - (-935)/77) + 2428/7. Suppose 143 = 2*t - l - 194, -2*t - l = -i. What are the prime factors of t?
3, 19
Let l = 94 - 53. Let r = -45 + 77. Let u = r + l. What are the prime factors of u?
73
Let r(n) = -794*n**2 + 3*n - 11. Let o(a) = -a - 2. Let m(i) = 6*o(i) - r(i). List the prime factors of m(-1).
2, 401
Let l(n) = 772*n + 395. List the prime factors of l(2).
7, 277
What are the prime factors of (-14)/(-6) + (-2969980)/(-195)?
15233
Suppose 180 = -3*j + 3*m, 4*j + 161 = 5*m - 75. Let h(t) = -3*t**3 - 3*t**2 - 5. Let c be h(-4). Let b = c + j. What are the prime factors of b?
3, 5
Let l(j) be the first derivative of -j**3/3 - 7*j**2/2 - 6*j + 8. Let q be l(-5). Suppose q*d = -d + 145. List the prime factors of d.
29
Let j = 17907 + -8394. What are the prime factors of j?
3, 7, 151
Let y be ((-2)/(-13) - 19/39)*-6. Suppose -5*c - 2*b = y*b - 30, 4*c = 2*b - 2. Suppose 6*d + 3*h = 5*d + 58, c*d - h = 81. What are the prime factors of d?
43
Suppose -5*b + 29 + 36 = -4*l, -16 = b + 5*l. Suppose -3555 = -b*z - 0*z. List the prime factors of z.
5, 79
Let f = 109247 + -75129. List the prime factors of f.
2, 7, 2437
Suppose 0 = -10*r - 7 + 97. Suppose -18*n + r*n = -2853. List the prime factors of n.
317
Let h = 128 - 72. Let d = -33 + h. Suppose d - 149 = -3*r. What are the prime factors of r?
2, 3, 7
Let z be (146 + 2)*((0 - -1) + 1). What are the prime factors of -26 - -25 - z/(-1)?
5, 59
Let n(z) = z**3 + 7*z**2 + 28*z - 48. What are the prime factors of n(15)?
2, 3, 887
Suppose -46546 = -n + a, 12*a - 6*a + 232723 = 5*n. List the prime factors of n.
13, 3581
Suppose 16 = -41*f + 43*f. Suppose 27*k - 1580 = -3*m + 28*k, -4*k = f. List the prime factors of m.
2, 263
Let y(i) be the first derivative of -12*i**2 + 4*i + 4. Let u(j) = -j**3 - 4*j**2 + 16*j + 53. Let q be u(-5). What are the prime factors of y(q)?
2, 13
Suppose 2*g - 84820 = -5*p, 4*p + 29 - 5 = 0. What are the prime factors of g?
5, 1697
Let c(h) = 744*h - 1471. List the prime factors of c(19).
5, 17, 149
Let t = 163435 - 91678. List the prime factors of t.
3, 7, 17, 67
Suppose 119*p - 124*p = 1090. Let z = -16 - -15. What are the prime factors of (-5*z/10)/((-1)/p)?
109
Let p(r) = 22*r**3 - 10*r**2 + 89*r - 226. What are the prime factors of p(10)?
2, 677
Let r = 154 + -148. What are the prime factors of 1/(r - 7) - (0 + -615)?
2, 307
Let j = -65438 - -94406. What are the prime factors of j?
2, 3, 17, 71
Suppose -f + 36 = -0. Suppose -q + 3*u = 5*u - 11, -5*u = 4*q - 56. Let d = f - q. What are the prime factors of d?
17
Suppose -30*a + 555 = 7*a. Suppose 0 = 4*r - a*r + 4598. What are the prime factors of r?
2, 11, 19
Let d = 1916 + -3123. Let n = d + 1888. Suppose -1137 = -9*p + n. List the prime factors of p.
2, 101
Let h be 4/18 - 25/(-9). Suppose -25 + 142 = -h*g. Let s = g - -45. What are the prime factors of s?
2, 3
Let s be (29 - 32)*1/3. List the prime factors of (26 - s)/(((-77)/(-273))/11).
3, 13
Let g(p) = p**3 + 10*p**2 + 8*p - 7. Let u be g(-9). Suppose -2*b - u + 6 = 0. Suppose -2*f = b*f + q - 37, 5*q - 23 = -2*f. List the prime factors of f.
3
Let v = -50 - -54. List the prime factors of (73 - v) + (-6)/2.
2, 3, 11
Suppose 5*w - 48*a - 76785 = -44*a, w = -3*a + 15338. What are the prime factors of w?
13, 1181
Let m = -402 - -2774. List the prime factors of m.
2, 593
List the prime factors of (-1936)/(-17 + 250/15).
2, 3, 11
Suppose s - 2*k - 146 = 0, 3*k - 17 + 11 = 0. What are the prime factors of 685 + ((-8)/6)/((-40)/s)?
2, 3, 5, 23
Let p(j) = 1553*j - 169. List the prime factors of p(10).
15361
Suppose 0 = -5*h + 6*h - 2. Suppose -h*f = 10, 4120 = 5*g - 6*f + 2*f. List the prime factors of g.
2, 5, 41
Let b(x) = x**3 - 5*x**2 - 7*x - 4. Let f be b(6). Let y be 588/5 + (-4)/f. Suppose -3*o + o + y = m, 2*m + 177 = 3*o. What are the prime factors of o?
59
Let b = 59 - 71. Let v = b - -8. What are the prime factors of 96 + (v - -3 - -2)?
97
Suppose 5*r + 5807 = -2983. Let z be 2/(-4) + r/(-4). Suppose 6*a - 71 - z = 0. What are the prime factors of a?
5, 17
Suppose -5*c - 5*z + 5990 = 0, 17*z - 5975 = -5*c + 15*z. Suppose -4*k + 5*f = -1304, -3*k - 215 = f - c. List the prime factors of k.
2, 163
Let d(p) = -5*p**3 + 8*p**2 + 14*p + 8. Suppose -2*g = -3*q - 3, -5*g - q + 1 = 19. What are the prime factors of d(g)?
173
Let z = 127 - 75. Let j be (2 - 9 - -3)/((-8)/z). Let g(x) = -x**2 + 28*x - 14. What are the prime factors of g(j)?
2, 19
Suppose 2701763 = 259*o - 2885149 + 1135738. List the prime factors of o.
2, 13, 661
List the prime factors of 9*7*(-10410)/(-63).
2, 3, 5, 347
Let o(t) = -3*t**3 - 245*t**2 - 179*t + 106. What are the prime factors of o(-81)?
1483
Let i be -4 + 164 + (7 - (-8)/(-2)). Suppose 0 = 3*j + 6, 4*j = 13*b - 8*b - i. List the prime factors of b.
31
Let c be 6/4*14/49*7. Suppose -3*m = 6*n - 3*n - 9, -c*m - 11 = -n. Supp